{"id":415,"date":"2022-09-14T16:13:01","date_gmt":"2022-09-14T14:13:01","guid":{"rendered":"https:\/\/www.capitalinfine.com\/pro\/?page_id=415"},"modified":"2022-11-30T15:50:45","modified_gmt":"2022-11-30T14:50:45","slug":"nous-contacter","status":"publish","type":"page","link":"https:\/\/www.capitalinfine.com\/pro\/nous-contacter\/","title":{"rendered":"Nous contacter"},"content":{"rendered":"\t\t<div data-elementor-type=\"wp-page\" data-elementor-id=\"415\" class=\"elementor elementor-415\">\n\t\t\t\t\t\t<section class=\"elementor-section elementor-top-section elementor-element elementor-element-1e75b15 elementor-section-full_width elementor-section-stretched elementor-section-height-default elementor-section-height-default\" data-id=\"1e75b15\" data-element_type=\"section\" data-settings=\"{&quot;stretch_section&quot;:&quot;section-stretched&quot;,&quot;background_background&quot;:&quot;classic&quot;}\">\n\t\t\t\t\t\t\t<div class=\"elementor-background-overlay\"><\/div>\n\t\t\t\t\t\t\t<div class=\"elementor-container elementor-column-gap-default\">\n\t\t\t\t\t<div class=\"elementor-column elementor-col-100 elementor-top-column elementor-element elementor-element-0936182\" data-id=\"0936182\" data-element_type=\"column\">\n\t\t\t<div class=\"elementor-widget-wrap elementor-element-populated\">\n\t\t\t\t\t\t<section class=\"elementor-section elementor-inner-section elementor-element elementor-element-54e499c elementor-section-boxed elementor-section-height-default elementor-section-height-default\" data-id=\"54e499c\" data-element_type=\"section\">\n\t\t\t\t\t\t<div class=\"elementor-container elementor-column-gap-default\">\n\t\t\t\t\t<div class=\"elementor-column elementor-col-50 elementor-inner-column elementor-element elementor-element-58e52e3\" data-id=\"58e52e3\" data-element_type=\"column\">\n\t\t\t<div class=\"elementor-widget-wrap elementor-element-populated\">\n\t\t\t\t\t\t<div class=\"elementor-element elementor-element-a446938 elementor-widget elementor-widget-shortcode\" data-id=\"a446938\" data-element_type=\"widget\" data-widget_type=\"shortcode.default\">\n\t\t\t\t<div class=\"elementor-widget-container\">\n\t\t\t\t\t\t\t<div class=\"elementor-shortcode\"><\/div>\n\t\t\t\t\t\t<\/div>\n\t\t\t\t<\/div>\n\t\t\t\t<div class=\"elementor-element elementor-element-88ac09a elementor-widget elementor-widget-heading\" data-id=\"88ac09a\" data-element_type=\"widget\" data-widget_type=\"heading.default\">\n\t\t\t\t<div class=\"elementor-widget-container\">\n\t\t\t\t\t<h1 class=\"elementor-heading-title elementor-size-default\">Nous contacter<\/h1>\t\t\t\t<\/div>\n\t\t\t\t<\/div>\n\t\t\t\t<div class=\"elementor-element elementor-element-1e410a9 elementor-widget-divider--view-line elementor-widget elementor-widget-divider\" data-id=\"1e410a9\" data-element_type=\"widget\" data-widget_type=\"divider.default\">\n\t\t\t\t<div class=\"elementor-widget-container\">\n\t\t\t\t\t\t\t<div class=\"elementor-divider\">\n\t\t\t<span class=\"elementor-divider-separator\">\n\t\t\t\t\t\t<\/span>\n\t\t<\/div>\n\t\t\t\t\t\t<\/div>\n\t\t\t\t<\/div>\n\t\t\t\t\t<\/div>\n\t\t<\/div>\n\t\t\t\t<div class=\"elementor-column elementor-col-50 elementor-inner-column elementor-element elementor-element-80855e7\" data-id=\"80855e7\" data-element_type=\"column\">\n\t\t\t<div class=\"elementor-widget-wrap\">\n\t\t\t\t\t\t\t<\/div>\n\t\t<\/div>\n\t\t\t\t\t<\/div>\n\t\t<\/section>\n\t\t\t\t\t<\/div>\n\t\t<\/div>\n\t\t\t\t\t<\/div>\n\t\t<\/section>\n\t\t\t\t<section class=\"elementor-section elementor-top-section elementor-element elementor-element-b76bc6d elementor-section-full_width elementor-section-stretched elementor-section-height-default elementor-section-height-default\" data-id=\"b76bc6d\" data-element_type=\"section\" data-settings=\"{&quot;stretch_section&quot;:&quot;section-stretched&quot;}\">\n\t\t\t\t\t\t<div class=\"elementor-container elementor-column-gap-no\">\n\t\t\t\t\t<div class=\"elementor-column elementor-col-100 elementor-top-column elementor-element elementor-element-a0776b2\" data-id=\"a0776b2\" data-element_type=\"column\">\n\t\t\t<div class=\"elementor-widget-wrap elementor-element-populated\">\n\t\t\t\t\t\t<section class=\"elementor-section elementor-inner-section elementor-element elementor-element-3bfe9ec elementor-section-full_width elementor-section-height-default elementor-section-height-default\" data-id=\"3bfe9ec\" data-element_type=\"section\">\n\t\t\t\t\t\t<div class=\"elementor-container elementor-column-gap-no\">\n\t\t\t\t\t<div class=\"elementor-column elementor-col-50 elementor-inner-column elementor-element elementor-element-ef49828\" data-id=\"ef49828\" data-element_type=\"column\">\n\t\t\t<div class=\"elementor-widget-wrap elementor-element-populated\">\n\t\t\t\t\t\t<div class=\"elementor-element elementor-element-2e5788c elementor-widget elementor-widget-heading\" data-id=\"2e5788c\" data-element_type=\"widget\" data-widget_type=\"heading.default\">\n\t\t\t\t<div class=\"elementor-widget-container\">\n\t\t\t\t\t<h2 class=\"elementor-heading-title elementor-size-default\">CAPITAL IN FINE<\/h2>\t\t\t\t<\/div>\n\t\t\t\t<\/div>\n\t\t\t\t<div class=\"elementor-element elementor-element-c3e366b elementor-widget elementor-widget-text-editor\" data-id=\"c3e366b\" data-element_type=\"widget\" data-widget_type=\"text-editor.default\">\n\t\t\t\t<div class=\"elementor-widget-container\">\n\t\t\t\t\t\t\t\t\t<p>5 Place Jean Jaur\u00e8s \u00e0 Tours, <br \/>3eme \u00e9tage au dessus du Starbucks Caf\u00e9. Interphone n\u00b08<\/p><p><strong>02 47 200 900<\/strong><\/p>\t\t\t\t\t\t\t\t<\/div>\n\t\t\t\t<\/div>\n\t\t\t\t<div class=\"elementor-element elementor-element-9b6648f elementor-widget elementor-widget-text-editor\" data-id=\"9b6648f\" data-element_type=\"widget\" data-widget_type=\"text-editor.default\">\n\t\t\t\t<div class=\"elementor-widget-container\">\n\t\t\t\t\t\t\t\t\t<p>95% de nos contacts proviennent de nos clients. Merci de nous indiquer leur r\u00e9f\u00e9rence le cas \u00e9ch\u00e9ant.<\/p>\t\t\t\t\t\t\t\t<\/div>\n\t\t\t\t<\/div>\n\t\t\t\t<div class=\"elementor-element elementor-element-3b49622 elementor-widget-divider--view-line elementor-widget elementor-widget-divider\" data-id=\"3b49622\" data-element_type=\"widget\" data-widget_type=\"divider.default\">\n\t\t\t\t<div class=\"elementor-widget-container\">\n\t\t\t\t\t\t\t<div class=\"elementor-divider\">\n\t\t\t<span class=\"elementor-divider-separator\">\n\t\t\t\t\t\t<\/span>\n\t\t<\/div>\n\t\t\t\t\t\t<\/div>\n\t\t\t\t<\/div>\n\t\t\t\t\t<\/div>\n\t\t<\/div>\n\t\t\t\t<div class=\"elementor-column elementor-col-50 elementor-inner-column elementor-element elementor-element-d44e451\" data-id=\"d44e451\" data-element_type=\"column\">\n\t\t\t<div class=\"elementor-widget-wrap elementor-element-populated\">\n\t\t\t\t\t\t<div class=\"elementor-element elementor-element-9a8994e elementor-widget elementor-widget-google_maps\" data-id=\"9a8994e\" data-element_type=\"widget\" data-widget_type=\"google_maps.default\">\n\t\t\t\t<div class=\"elementor-widget-container\">\n\t\t\t\t\t\t\t<div class=\"elementor-custom-embed\">\n\t\t\t<iframe loading=\"lazy\"\n\t\t\t\t\tsrc=\"https:\/\/maps.google.com\/maps?q=5%20Place%20Jean%20Jaur%C3%A8s%20%C3%A0%20Tours%2C&#038;t=m&#038;z=14&#038;output=embed&#038;iwloc=near\"\n\t\t\t\t\ttitle=\"5 Place Jean Jaur\u00e8s \u00e0 Tours,\"\n\t\t\t\t\taria-label=\"5 Place Jean Jaur\u00e8s \u00e0 Tours,\"\n\t\t\t><\/iframe>\n\t\t<\/div>\n\t\t\t\t\t\t<\/div>\n\t\t\t\t<\/div>\n\t\t\t\t\t<\/div>\n\t\t<\/div>\n\t\t\t\t\t<\/div>\n\t\t<\/section>\n\t\t\t\t\t<\/div>\n\t\t<\/div>\n\t\t\t\t\t<\/div>\n\t\t<\/section>\n\t\t\t\t<section class=\"elementor-section elementor-top-section elementor-element elementor-element-2027518 elementor-section-full_width elementor-section-stretched elementor-section-height-default elementor-section-height-default\" data-id=\"2027518\" data-element_type=\"section\" data-settings=\"{&quot;stretch_section&quot;:&quot;section-stretched&quot;,&quot;background_background&quot;:&quot;gradient&quot;}\">\n\t\t\t\t\t\t\t<div class=\"elementor-background-overlay\"><\/div>\n\t\t\t\t\t\t\t<div class=\"elementor-container elementor-column-gap-default\">\n\t\t\t\t\t<div class=\"elementor-column elementor-col-100 elementor-top-column elementor-element elementor-element-56d432a\" data-id=\"56d432a\" data-element_type=\"column\">\n\t\t\t<div class=\"elementor-widget-wrap elementor-element-populated\">\n\t\t\t\t\t\t<section class=\"elementor-section elementor-inner-section elementor-element elementor-element-27072a1 elementor-section-full_width elementor-section-height-default elementor-section-height-default\" data-id=\"27072a1\" data-element_type=\"section\">\n\t\t\t\t\t\t<div class=\"elementor-container elementor-column-gap-default\">\n\t\t\t\t\t<div class=\"elementor-column elementor-col-50 elementor-inner-column elementor-element elementor-element-d12c483\" data-id=\"d12c483\" data-element_type=\"column\">\n\t\t\t<div class=\"elementor-widget-wrap elementor-element-populated\">\n\t\t\t\t\t\t<div class=\"elementor-element elementor-element-fd1171b elementor-widget elementor-widget-heading\" data-id=\"fd1171b\" data-element_type=\"widget\" data-widget_type=\"heading.default\">\n\t\t\t\t<div class=\"elementor-widget-container\">\n\t\t\t\t\t<p class=\"elementor-heading-title elementor-size-default\">CAPITAL IN FINE PRO<\/p>\t\t\t\t<\/div>\n\t\t\t\t<\/div>\n\t\t\t\t<div class=\"elementor-element elementor-element-25d3ab3 elementor-widget elementor-widget-heading\" data-id=\"25d3ab3\" data-element_type=\"widget\" data-widget_type=\"heading.default\">\n\t\t\t\t<div class=\"elementor-widget-container\">\n\t\t\t\t\t<h2 class=\"elementor-heading-title elementor-size-default\">Nous \u00e9crire<\/h2>\t\t\t\t<\/div>\n\t\t\t\t<\/div>\n\t\t\t\t<div class=\"elementor-element elementor-element-1362829 elementor-widget-divider--view-line elementor-widget elementor-widget-divider\" data-id=\"1362829\" data-element_type=\"widget\" data-widget_type=\"divider.default\">\n\t\t\t\t<div class=\"elementor-widget-container\">\n\t\t\t\t\t\t\t<div class=\"elementor-divider\">\n\t\t\t<span class=\"elementor-divider-separator\">\n\t\t\t\t\t\t<\/span>\n\t\t<\/div>\n\t\t\t\t\t\t<\/div>\n\t\t\t\t<\/div>\n\t\t\t\t\t<\/div>\n\t\t<\/div>\n\t\t\t\t<div class=\"elementor-column elementor-col-50 elementor-inner-column elementor-element elementor-element-52c1157 elementor-hidden-tablet elementor-hidden-mobile\" data-id=\"52c1157\" data-element_type=\"column\">\n\t\t\t<div class=\"elementor-widget-wrap\">\n\t\t\t\t\t\t\t<\/div>\n\t\t<\/div>\n\t\t\t\t\t<\/div>\n\t\t<\/section>\n\t\t\t\t<section class=\"elementor-section elementor-inner-section elementor-element elementor-element-d1f32b4 elementor-section-boxed elementor-section-height-default elementor-section-height-default\" data-id=\"d1f32b4\" data-element_type=\"section\">\n\t\t\t\t\t\t<div class=\"elementor-container elementor-column-gap-default\">\n\t\t\t\t\t<div class=\"elementor-column elementor-col-100 elementor-inner-column elementor-element elementor-element-346610d\" data-id=\"346610d\" data-element_type=\"column\" data-settings=\"{&quot;background_background&quot;:&quot;classic&quot;}\">\n\t\t\t<div class=\"elementor-widget-wrap elementor-element-populated\">\n\t\t\t\t\t\t<div class=\"elementor-element elementor-element-5000448 elementor-widget elementor-widget-shortcode\" data-id=\"5000448\" data-element_type=\"widget\" id=\"contact-form\" data-widget_type=\"shortcode.default\">\n\t\t\t\t<div class=\"elementor-widget-container\">\n\t\t\t\t\t\t\t<div class=\"elementor-shortcode\">\n<div class=\"wpcf7 no-js\" id=\"wpcf7-f14-o1\" lang=\"fr-FR\" dir=\"ltr\">\n<div class=\"screen-reader-response\"><p role=\"status\" aria-live=\"polite\" aria-atomic=\"true\"><\/p> <ul><\/ul><\/div>\n<form action=\"\/pro\/wp-json\/wp\/v2\/pages\/415#wpcf7-f14-o1\" method=\"post\" class=\"wpcf7-form init\" aria-label=\"Formulaire de contact\" novalidate=\"novalidate\" data-status=\"init\">\n<div style=\"display: none;\">\n<input type=\"hidden\" name=\"_wpcf7\" value=\"14\" \/>\n<input type=\"hidden\" name=\"_wpcf7_version\" value=\"5.9.8\" \/>\n<input type=\"hidden\" name=\"_wpcf7_locale\" value=\"fr_FR\" \/>\n<input type=\"hidden\" name=\"_wpcf7_unit_tag\" value=\"wpcf7-f14-o1\" \/>\n<input type=\"hidden\" name=\"_wpcf7_container_post\" value=\"0\" \/>\n<input type=\"hidden\" name=\"_wpcf7_posted_data_hash\" value=\"\" \/>\n<\/div>\n<div class=\"form-label-flex\">\n\t<div>\n\t\t<p><label> Votre nom <\/label><br \/>\n<span class=\"wpcf7-form-control-wrap\" data-name=\"your-name\"><input size=\"40\" maxlength=\"400\" class=\"wpcf7-form-control wpcf7-text wpcf7-validates-as-required\" aria-required=\"true\" aria-invalid=\"false\" placeholder=\"Amandine Dupont\" value=\"\" type=\"text\" name=\"your-name\" \/><\/span>\n\t\t<\/p>\n\t<\/div>\n\t<div>\n\t\t<p><label> Votre e-mail <\/label><br \/>\n<span class=\"wpcf7-form-control-wrap\" data-name=\"your-email\"><input size=\"40\" maxlength=\"400\" class=\"wpcf7-form-control wpcf7-email wpcf7-validates-as-required wpcf7-text wpcf7-validates-as-email\" aria-required=\"true\" aria-invalid=\"false\" placeholder=\"amandine.dupont@gmail.com\" value=\"\" type=\"email\" name=\"your-email\" \/><\/span>\n\t\t<\/p>\n\t<\/div>\n<\/div>\n<div>\n\t<p><label> Votre t\u00e9l\u00e9phone <\/label><br \/>\n<span class=\"wpcf7-form-control-wrap\" data-name=\"your-tel\"><input size=\"40\" maxlength=\"400\" class=\"wpcf7-form-control wpcf7-tel wpcf7-validates-as-required wpcf7-text wpcf7-validates-as-tel\" aria-required=\"true\" aria-invalid=\"false\" value=\"00 00 00 00 00\" type=\"tel\" name=\"your-tel\" \/><\/span>\n\t<\/p>\n<\/div>\n<p><label> Objet <\/label><br \/>\n<span class=\"wpcf7-form-control-wrap\" data-name=\"your-subject\"><input size=\"40\" maxlength=\"400\" class=\"wpcf7-form-control wpcf7-text wpcf7-validates-as-required\" aria-required=\"true\" aria-invalid=\"false\" placeholder=\"Demande d&#039;informations sur les produits\" value=\"\" type=\"text\" name=\"your-subject\" \/><\/span>\n<\/p>\n<p><label> Votre message <\/label><br \/>\n<span class=\"wpcf7-form-control-wrap\" data-name=\"your-message\"><textarea cols=\"40\" rows=\"10\" maxlength=\"2000\" class=\"wpcf7-form-control wpcf7-textarea wpcf7-validates-as-required\" aria-required=\"true\" aria-invalid=\"false\" placeholder=\"\u00c9crivez votre message ici.\" name=\"your-message\"><\/textarea><\/span>\n<\/p>\n<div class=\"form-label-flex\">\n\t<p><span class=\"wpcf7-form-control-wrap\" data-name=\"quiz-550\"><label><span class=\"wpcf7-quiz-label\">15+2<\/span> <input size=\"40\" class=\"wpcf7-form-control wpcf7-quiz\" autocomplete=\"off\" aria-required=\"true\" aria-invalid=\"false\" type=\"text\" name=\"quiz-550\" \/><\/label><input type=\"hidden\" name=\"_wpcf7_quiz_answer_quiz-550\" value=\"74144e6c1c2b5773d6f2d3751e4374f9\" \/><\/span>\n\t<\/p>\n<\/div>\n<p><div id=\"cf7sr-69d38cdce6602\" class=\"cf7sr-g-recaptcha\" data-theme=\"light\" data-type=\"image\" data-size=\"normal\" data-sitekey=\"6LdlHMQkAAAAAGfV_Kv89_yyNZ0W11BpUJuQJSP2\"><\/div><span class=\"wpcf7-form-control-wrap cf7sr-recaptcha\" data-name=\"cf7sr-recaptcha\"><input type=\"hidden\" name=\"cf7sr-recaptcha\" value=\"\" class=\"wpcf7-form-control\"><\/span>\n<\/p>\n<div class=\"acceptance-box\">\n\t<p><span class=\"wpcf7-form-control-wrap\" data-name=\"sign-in\"><span class=\"wpcf7-form-control wpcf7-acceptance\"><span class=\"wpcf7-list-item\"><label><input type=\"checkbox\" name=\"sign-in\" value=\"1\" id=\"sign-in\" aria-invalid=\"false\" \/><span class=\"wpcf7-list-item-label\">J'accepte d'\u00eatre recontact\u00e9(e) suite \u00e0 ma demande<\/span><\/label><\/span><\/span><\/span><br \/>\n<span class=\"wpcf7-form-control-wrap\" data-name=\"agree-cgu\"><span class=\"wpcf7-form-control wpcf7-acceptance\"><span class=\"wpcf7-list-item\"><label><input type=\"checkbox\" name=\"agree-cgu\" value=\"1\" id=\"agree-cgu\" aria-invalid=\"false\" \/><span class=\"wpcf7-list-item-label\">J'accepte <a href=\"https:\/\/www.atmospherik.eu\/politique-de-confidentialite\/\"> la politique de confidentialit\u00e9 <\/a><\/span><\/label><\/span><\/span><\/span>\n\t<\/p>\n<\/div>\n<p><input class=\"wpcf7-form-control wpcf7-submit has-spinner\" type=\"submit\" value=\"Envoyer\" \/>\n<\/p><p style=\"display: none !important;\" class=\"akismet-fields-container\" data-prefix=\"_wpcf7_ak_\"><label>&#916;<textarea name=\"_wpcf7_ak_hp_textarea\" cols=\"45\" rows=\"8\" maxlength=\"100\"><\/textarea><\/label><input type=\"hidden\" id=\"ak_js_1\" name=\"_wpcf7_ak_js\" value=\"114\"\/><script>document.getElementById( \"ak_js_1\" ).setAttribute( \"value\", ( new Date() ).getTime() );<\/script><\/p><input type='hidden' class='wpcf7-pum' value='{\"closepopup\":false,\"closedelay\":0,\"openpopup\":false,\"openpopup_id\":0}' \/><div class=\"wpcf7-response-output\" aria-hidden=\"true\"><\/div>\n<\/form>\n<\/div>\n<\/div>\n\t\t\t\t\t\t<\/div>\n\t\t\t\t<\/div>\n\t\t\t\t\t<\/div>\n\t\t<\/div>\n\t\t\t\t\t<\/div>\n\t\t<\/section>\n\t\t\t\t<div class=\"elementor-element elementor-element-8e5ce88 elementor-hidden-tablet elementor-hidden-mobile elementor-widget elementor-widget-image\" data-id=\"8e5ce88\" data-element_type=\"widget\" data-widget_type=\"image.default\">\n\t\t\t\t<div class=\"elementor-widget-container\">\n\t\t\t\t\t\t\t\t\t\t\t\t\t\t\t<img fetchpriority=\"high\" decoding=\"async\" width=\"1920\" height=\"510\" src=\"https:\/\/www.capitalinfine.com\/pro\/wp-content\/uploads\/2022\/09\/illustration-capital-in-fine-1.png\" class=\"attachment-full size-full wp-image-1874\" alt=\"illustration capital in fine\" srcset=\"https:\/\/www.capitalinfine.com\/pro\/wp-content\/uploads\/2022\/09\/illustration-capital-in-fine-1.png 1920w, https:\/\/www.capitalinfine.com\/pro\/wp-content\/uploads\/2022\/09\/illustration-capital-in-fine-1-300x80.png 300w, https:\/\/www.capitalinfine.com\/pro\/wp-content\/uploads\/2022\/09\/illustration-capital-in-fine-1-1024x272.png 1024w, https:\/\/www.capitalinfine.com\/pro\/wp-content\/uploads\/2022\/09\/illustration-capital-in-fine-1-768x204.png 768w, https:\/\/www.capitalinfine.com\/pro\/wp-content\/uploads\/2022\/09\/illustration-capital-in-fine-1-1536x408.png 1536w, https:\/\/www.capitalinfine.com\/pro\/wp-content\/uploads\/2022\/09\/illustration-capital-in-fine-1-500x133.png 500w, https:\/\/www.capitalinfine.com\/pro\/wp-content\/uploads\/2022\/09\/illustration-capital-in-fine-1-800x213.png 800w, https:\/\/www.capitalinfine.com\/pro\/wp-content\/uploads\/2022\/09\/illustration-capital-in-fine-1-1280x340.png 1280w\" sizes=\"(max-width: 1920px) 100vw, 1920px\" \/>\t\t\t\t\t\t\t\t\t\t\t\t\t\t\t<\/div>\n\t\t\t\t<\/div>\n\t\t\t\t\t<\/div>\n\t\t<\/div>\n\t\t\t\t\t<\/div>\n\t\t<\/section>\n\t\t\t\t<section class=\"elementor-section elementor-top-section elementor-element elementor-element-3cfa4ba elementor-hidden-desktop elementor-section-boxed elementor-section-height-default elementor-section-height-default\" data-id=\"3cfa4ba\" data-element_type=\"section\" data-settings=\"{&quot;background_background&quot;:&quot;classic&quot;}\">\n\t\t\t\t\t\t<div class=\"elementor-container elementor-column-gap-default\">\n\t\t\t\t\t<div class=\"elementor-column elementor-col-100 elementor-top-column elementor-element elementor-element-c8a6ca4\" data-id=\"c8a6ca4\" data-element_type=\"column\">\n\t\t\t<div class=\"elementor-widget-wrap\">\n\t\t\t\t\t\t\t<\/div>\n\t\t<\/div>\n\t\t\t\t\t<\/div>\n\t\t<\/section>\n\t\t\t\t<\/div>\n\t\t","protected":false},"excerpt":{"rendered":"<p>Nous contacter CAPITAL IN FINE 5 Place Jean Jaur\u00e8s \u00e0 Tours, 3eme \u00e9tage au dessus du Starbucks Caf\u00e9. Interphone n\u00b08 02 47 200 900 95% de nos contacts proviennent de nos clients. Merci de nous indiquer leur r\u00e9f\u00e9rence le cas \u00e9ch\u00e9ant. CAPITAL IN FINE PRO Nous \u00e9crire<\/p>\n","protected":false},"author":1,"featured_media":0,"parent":0,"menu_order":0,"comment_status":"closed","ping_status":"closed","template":"","meta":{"_vp_format_video_url":"","_vp_image_focal_point":[],"footnotes":""},"class_list":["post-415","page","type-page","status-publish","hentry"],"yoast_head":"<!-- This site is optimized with the Yoast SEO plugin v25.8 - https:\/\/yoast.com\/wordpress\/plugins\/seo\/ -->\n<title>Nous contacter - Capital In Fine<\/title>\n<meta name=\"robots\" content=\"index, follow, max-snippet:-1, max-image-preview:large, max-video-preview:-1\" \/>\n<link rel=\"canonical\" href=\"https:\/\/www.capitalinfine.com\/pro\/nous-contacter\/\" \/>\n<meta property=\"og:locale\" content=\"fr_FR\" \/>\n<meta property=\"og:type\" content=\"article\" \/>\n<meta property=\"og:title\" content=\"Nous contacter - Capital In Fine\" \/>\n<meta property=\"og:description\" content=\"Nous contacter CAPITAL IN FINE 5 Place Jean Jaur\u00e8s \u00e0 Tours, 3eme \u00e9tage au dessus du Starbucks Caf\u00e9. Interphone n\u00b08 02 47 200 900 95% de nos contacts proviennent de nos clients. Merci de nous indiquer leur r\u00e9f\u00e9rence le cas \u00e9ch\u00e9ant. CAPITAL IN FINE PRO Nous \u00e9crire\" \/>\n<meta property=\"og:url\" content=\"https:\/\/www.capitalinfine.com\/pro\/nous-contacter\/\" \/>\n<meta property=\"og:site_name\" content=\"Capital In Fine\" \/>\n<meta property=\"article:modified_time\" content=\"2022-11-30T14:50:45+00:00\" \/>\n<meta property=\"og:image\" content=\"https:\/\/www.capitalinfine.com\/pro\/wp-content\/uploads\/2022\/09\/illustration-capital-in-fine-1.png\" \/>\n<meta name=\"twitter:card\" content=\"summary_large_image\" \/>\n<meta name=\"twitter:label1\" content=\"Dur\u00e9e de lecture estim\u00e9e\" \/>\n\t<meta name=\"twitter:data1\" content=\"1 minute\" \/>\n<script type=\"application\/ld+json\" class=\"yoast-schema-graph\">{\"@context\":\"https:\/\/schema.org\",\"@graph\":[{\"@type\":\"WebPage\",\"@id\":\"https:\/\/www.capitalinfine.com\/pro\/nous-contacter\/\",\"url\":\"https:\/\/www.capitalinfine.com\/pro\/nous-contacter\/\",\"name\":\"Nous contacter - Capital In Fine\",\"isPartOf\":{\"@id\":\"https:\/\/www.capitalinfine.com\/pro\/#website\"},\"primaryImageOfPage\":{\"@id\":\"https:\/\/www.capitalinfine.com\/pro\/nous-contacter\/#primaryimage\"},\"image\":{\"@id\":\"https:\/\/www.capitalinfine.com\/pro\/nous-contacter\/#primaryimage\"},\"thumbnailUrl\":\"https:\/\/www.capitalinfine.com\/pro\/wp-content\/uploads\/2022\/09\/illustration-capital-in-fine-1.png\",\"datePublished\":\"2022-09-14T14:13:01+00:00\",\"dateModified\":\"2022-11-30T14:50:45+00:00\",\"inLanguage\":\"fr-FR\",\"potentialAction\":[{\"@type\":\"ReadAction\",\"target\":[\"https:\/\/www.capitalinfine.com\/pro\/nous-contacter\/\"]}]},{\"@type\":\"ImageObject\",\"inLanguage\":\"fr-FR\",\"@id\":\"https:\/\/www.capitalinfine.com\/pro\/nous-contacter\/#primaryimage\",\"url\":\"https:\/\/www.capitalinfine.com\/pro\/wp-content\/uploads\/2022\/09\/illustration-capital-in-fine-1.png\",\"contentUrl\":\"https:\/\/www.capitalinfine.com\/pro\/wp-content\/uploads\/2022\/09\/illustration-capital-in-fine-1.png\",\"width\":1920,\"height\":510,\"caption\":\"illustration capital in fine\"},{\"@type\":\"WebSite\",\"@id\":\"https:\/\/www.capitalinfine.com\/pro\/#website\",\"url\":\"https:\/\/www.capitalinfine.com\/pro\/\",\"name\":\"Capital In Fine\",\"description\":\"Courtier en Pr\u00eat Immobilier pour les professionnels \u00e0 Tours\",\"potentialAction\":[{\"@type\":\"SearchAction\",\"target\":{\"@type\":\"EntryPoint\",\"urlTemplate\":\"https:\/\/www.capitalinfine.com\/pro\/?s={search_term_string}\"},\"query-input\":{\"@type\":\"PropertyValueSpecification\",\"valueRequired\":true,\"valueName\":\"search_term_string\"}}],\"inLanguage\":\"fr-FR\"}]}<\/script>\n<!-- \/ Yoast SEO plugin. -->","yoast_head_json":{"title":"Nous contacter - Capital In Fine","robots":{"index":"index","follow":"follow","max-snippet":"max-snippet:-1","max-image-preview":"max-image-preview:large","max-video-preview":"max-video-preview:-1"},"canonical":"https:\/\/www.capitalinfine.com\/pro\/nous-contacter\/","og_locale":"fr_FR","og_type":"article","og_title":"Nous contacter - Capital In Fine","og_description":"Nous contacter CAPITAL IN FINE 5 Place Jean Jaur\u00e8s \u00e0 Tours, 3eme \u00e9tage au dessus du Starbucks Caf\u00e9. Interphone n\u00b08 02 47 200 900 95% de nos contacts proviennent de nos clients. Merci de nous indiquer leur r\u00e9f\u00e9rence le cas \u00e9ch\u00e9ant. CAPITAL IN FINE PRO Nous \u00e9crire","og_url":"https:\/\/www.capitalinfine.com\/pro\/nous-contacter\/","og_site_name":"Capital In Fine","article_modified_time":"2022-11-30T14:50:45+00:00","og_image":[{"url":"https:\/\/www.capitalinfine.com\/pro\/wp-content\/uploads\/2022\/09\/illustration-capital-in-fine-1.png","type":"","width":"","height":""}],"twitter_card":"summary_large_image","twitter_misc":{"Dur\u00e9e de lecture estim\u00e9e":"1 minute"},"schema":{"@context":"https:\/\/schema.org","@graph":[{"@type":"WebPage","@id":"https:\/\/www.capitalinfine.com\/pro\/nous-contacter\/","url":"https:\/\/www.capitalinfine.com\/pro\/nous-contacter\/","name":"Nous contacter - Capital In Fine","isPartOf":{"@id":"https:\/\/www.capitalinfine.com\/pro\/#website"},"primaryImageOfPage":{"@id":"https:\/\/www.capitalinfine.com\/pro\/nous-contacter\/#primaryimage"},"image":{"@id":"https:\/\/www.capitalinfine.com\/pro\/nous-contacter\/#primaryimage"},"thumbnailUrl":"https:\/\/www.capitalinfine.com\/pro\/wp-content\/uploads\/2022\/09\/illustration-capital-in-fine-1.png","datePublished":"2022-09-14T14:13:01+00:00","dateModified":"2022-11-30T14:50:45+00:00","inLanguage":"fr-FR","potentialAction":[{"@type":"ReadAction","target":["https:\/\/www.capitalinfine.com\/pro\/nous-contacter\/"]}]},{"@type":"ImageObject","inLanguage":"fr-FR","@id":"https:\/\/www.capitalinfine.com\/pro\/nous-contacter\/#primaryimage","url":"https:\/\/www.capitalinfine.com\/pro\/wp-content\/uploads\/2022\/09\/illustration-capital-in-fine-1.png","contentUrl":"https:\/\/www.capitalinfine.com\/pro\/wp-content\/uploads\/2022\/09\/illustration-capital-in-fine-1.png","width":1920,"height":510,"caption":"illustration capital in fine"},{"@type":"WebSite","@id":"https:\/\/www.capitalinfine.com\/pro\/#website","url":"https:\/\/www.capitalinfine.com\/pro\/","name":"Capital In Fine","description":"Courtier en Pr\u00eat Immobilier pour les professionnels \u00e0 Tours","potentialAction":[{"@type":"SearchAction","target":{"@type":"EntryPoint","urlTemplate":"https:\/\/www.capitalinfine.com\/pro\/?s={search_term_string}"},"query-input":{"@type":"PropertyValueSpecification","valueRequired":true,"valueName":"search_term_string"}}],"inLanguage":"fr-FR"}]}},"_links":{"self":[{"href":"https:\/\/www.capitalinfine.com\/pro\/wp-json\/wp\/v2\/pages\/415","targetHints":{"allow":["GET"]}}],"collection":[{"href":"https:\/\/www.capitalinfine.com\/pro\/wp-json\/wp\/v2\/pages"}],"about":[{"href":"https:\/\/www.capitalinfine.com\/pro\/wp-json\/wp\/v2\/types\/page"}],"author":[{"embeddable":true,"href":"https:\/\/www.capitalinfine.com\/pro\/wp-json\/wp\/v2\/users\/1"}],"replies":[{"embeddable":true,"href":"https:\/\/www.capitalinfine.com\/pro\/wp-json\/wp\/v2\/comments?post=415"}],"version-history":[{"count":226,"href":"https:\/\/www.capitalinfine.com\/pro\/wp-json\/wp\/v2\/pages\/415\/revisions"}],"predecessor-version":[{"id":5419,"href":"https:\/\/www.capitalinfine.com\/pro\/wp-json\/wp\/v2\/pages\/415\/revisions\/5419"}],"wp:attachment":[{"href":"https:\/\/www.capitalinfine.com\/pro\/wp-json\/wp\/v2\/media?parent=415"}],"curies":[{"name":"wp","href":"https:\/\/api.w.org\/{rel}","templated":true}]}}